[INFO] fetching crate tc-network-gossip 0.8.0...
[INFO] building tc-network-gossip-0.8.0 against master#ff34b919075f35a1787659e9c448a34b06bab8de for issue-85264
[INFO] extracting crate tc-network-gossip 0.8.0 into /workspace/builds/worker-4/source
[INFO] validating manifest of crates.io crate tc-network-gossip 0.8.0 on toolchain ff34b919075f35a1787659e9c448a34b06bab8de
[INFO] running `Command { std: "/workspace/cargo-home/bin/cargo" "+ff34b919075f35a1787659e9c448a34b06bab8de" "metadata" "--manifest-path" "Cargo.toml" "--no-deps", kill_on_drop: false }`
[INFO] started tweaking crates.io crate tc-network-gossip 0.8.0
[INFO] finished tweaking crates.io crate tc-network-gossip 0.8.0
[INFO] tweaked toml for crates.io crate tc-network-gossip 0.8.0 written to /workspace/builds/worker-4/source/Cargo.toml
[INFO] running `Command { std: "/workspace/cargo-home/bin/cargo" "+ff34b919075f35a1787659e9c448a34b06bab8de" "generate-lockfile" "--manifest-path" "Cargo.toml" "-Zno-index-update", kill_on_drop: false }`
[INFO] running `Command { std: "/workspace/cargo-home/bin/cargo" "+ff34b919075f35a1787659e9c448a34b06bab8de" "fetch" "--manifest-path" "Cargo.toml", kill_on_drop: false }`
[INFO] running `Command { std: "docker" "create" "-v" "/var/lib/crater-agent-workspace/builds/worker-4/target:/opt/rustwide/target:rw,Z" "-v" "/var/lib/crater-agent-workspace/builds/worker-4/source:/opt/rustwide/workdir:ro,Z" "-v" "/var/lib/crater-agent-workspace/cargo-home:/opt/rustwide/cargo-home:ro,Z" "-v" "/var/lib/crater-agent-workspace/rustup-home:/opt/rustwide/rustup-home:ro,Z" "-e" "SOURCE_DIR=/opt/rustwide/workdir" "-e" "CARGO_TARGET_DIR=/opt/rustwide/target" "-e" "CARGO_HOME=/opt/rustwide/cargo-home" "-e" "RUSTUP_HOME=/opt/rustwide/rustup-home" "-w" "/opt/rustwide/workdir" "-m" "1610612736" "--user" "0:0" "--network" "none" "ghcr.io/rust-lang/crates-build-env/linux@sha256:20528e8c29e4536546f0102ce88568b16ea7538393a33fcca951030f7af10457" "/opt/rustwide/cargo-home/bin/cargo" "+ff34b919075f35a1787659e9c448a34b06bab8de" "metadata" "--no-deps" "--format-version=1", kill_on_drop: false }`
[INFO] [stderr] WARNING: Your kernel does not support swap limit capabilities or the cgroup is not mounted. Memory limited without swap.
[INFO] [stdout] 290e46685b9b036c351e8d88c7ce3b6f09711c3b6cd521d5b495f057e5af1f72
[INFO] running `Command { std: "docker" "start" "-a" "290e46685b9b036c351e8d88c7ce3b6f09711c3b6cd521d5b495f057e5af1f72", kill_on_drop: false }`
[INFO] running `Command { std: "docker" "inspect" "290e46685b9b036c351e8d88c7ce3b6f09711c3b6cd521d5b495f057e5af1f72", kill_on_drop: false }`
[INFO] running `Command { std: "docker" "rm" "-f" "290e46685b9b036c351e8d88c7ce3b6f09711c3b6cd521d5b495f057e5af1f72", kill_on_drop: false }`
[INFO] [stdout] 290e46685b9b036c351e8d88c7ce3b6f09711c3b6cd521d5b495f057e5af1f72
[INFO] running `Command { std: "docker" "create" "-v" "/var/lib/crater-agent-workspace/builds/worker-4/target:/opt/rustwide/target:rw,Z" "-v" "/var/lib/crater-agent-workspace/builds/worker-4/source:/opt/rustwide/workdir:ro,Z" "-v" "/var/lib/crater-agent-workspace/cargo-home:/opt/rustwide/cargo-home:ro,Z" "-v" "/var/lib/crater-agent-workspace/rustup-home:/opt/rustwide/rustup-home:ro,Z" "-e" "SOURCE_DIR=/opt/rustwide/workdir" "-e" "CARGO_TARGET_DIR=/opt/rustwide/target" "-e" "CARGO_INCREMENTAL=0" "-e" "RUST_BACKTRACE=full" "-e" "RUSTFLAGS=--cap-lints=forbid" "-e" "CARGO_HOME=/opt/rustwide/cargo-home" "-e" "RUSTUP_HOME=/opt/rustwide/rustup-home" "-w" "/opt/rustwide/workdir" "-m" "1610612736" "--user" "0:0" "--network" "none" "ghcr.io/rust-lang/crates-build-env/linux@sha256:20528e8c29e4536546f0102ce88568b16ea7538393a33fcca951030f7af10457" "/opt/rustwide/cargo-home/bin/cargo" "+ff34b919075f35a1787659e9c448a34b06bab8de" "build" "--frozen" "--message-format=json", kill_on_drop: false }`
[INFO] [stdout] f5c2f1ed54d792388e65ba98b0562fd1b1475bdb875df54cab4d07d64662f707
[INFO] [stderr] WARNING: Your kernel does not support swap limit capabilities or the cgroup is not mounted. Memory limited without swap.
[INFO] running `Command { std: "docker" "start" "-a" "f5c2f1ed54d792388e65ba98b0562fd1b1475bdb875df54cab4d07d64662f707", kill_on_drop: false }`
[INFO] [stderr]     Blocking waiting for file lock on package cache
[INFO] [stderr]     Blocking waiting for file lock on package cache
[INFO] [stderr]     Blocking waiting for file lock on package cache
[INFO] [stderr]    Compiling futures-util v0.3.15
[INFO] [stderr]    Compiling num-traits v0.2.14
[INFO] [stderr]    Compiling num-bigint v0.2.6
[INFO] [stderr]    Compiling num-rational v0.2.4
[INFO] [stderr]    Compiling serde_derive v1.0.126
[INFO] [stderr]    Compiling thiserror v1.0.25
[INFO] [stderr]    Compiling prost v0.7.0
[INFO] [stderr]    Compiling pin-project v1.0.7
[INFO] [stderr]    Compiling pin-project v0.4.28
[INFO] [stderr]    Compiling asn1_der v0.6.3
[INFO] [stderr]    Compiling minicbor v0.7.2
[INFO] [stderr]    Compiling tracing v0.1.26
[INFO] [stderr]    Compiling tracing-log v0.1.2
[INFO] [stderr]    Compiling merlin v2.0.1
[INFO] [stderr]    Compiling polling v2.0.3
[INFO] [stderr]    Compiling tetsy-trie-db v0.22.3
[INFO] [stderr]    Compiling wasm-bindgen-backend v0.2.74
[INFO] [stderr]    Compiling rustls v0.19.1
[INFO] [stderr]    Compiling tokio-util v0.3.1
[INFO] [stderr]    Compiling kv-log-macro v1.0.7
[INFO] [stderr]    Compiling want v0.3.0
[INFO] [stderr]    Compiling x25519-dalek v1.1.1
[INFO] [stderr]    Compiling tiny-bip39 v0.8.0
[INFO] [stderr]    Compiling prometheus v0.10.0
[INFO] [stderr]    Compiling async-io v1.4.1
[INFO] [stderr]    Compiling tracing-futures v0.2.5
[INFO] [stderr]    Compiling snow v0.7.2
[INFO] [stderr]    Compiling prost-types v0.7.0
[INFO] [stderr]    Compiling if-watch v0.2.2
[INFO] [stderr]    Compiling if-watch v0.1.8
[INFO] [stderr]    Compiling async-process v1.1.0
[INFO] [stderr]    Compiling async-global-executor v2.0.2
[INFO] [stderr]    Compiling async-std v1.9.0
[INFO] [stderr]    Compiling wasm-bindgen-macro-support v0.2.74
[INFO] [stderr]    Compiling num-integer v0.1.44
[INFO] [stderr]    Compiling integer-sqrt v0.1.5
[INFO] [stderr]    Compiling chrono v0.4.19
[INFO] [stderr]    Compiling prost-build v0.7.0
[INFO] [stderr]    Compiling wasm-bindgen-macro v0.2.74
[INFO] [stderr]    Compiling futures-rustls v0.21.1
[INFO] [stderr]    Compiling tetsy-libp2p-core v0.27.2
[INFO] [stderr]    Compiling tetsy-libp2p-noise v0.29.2
[INFO] [stderr]    Compiling tetsy-libp2p-identify v0.27.1
[INFO] [stderr]    Compiling tetsy-libp2p-kad v0.28.2
[INFO] [stderr]    Compiling tc-network v0.8.0
[INFO] [stderr]    Compiling twasmi v0.6.2
[INFO] [stderr]    Compiling futures-executor v0.3.15
[INFO] [stderr]    Compiling asynchronous-codec v0.5.0
[INFO] [stderr]    Compiling h2 v0.2.7
[INFO] [stderr]    Compiling wasm-bindgen v0.2.74
[INFO] [stderr]    Compiling futures v0.3.15
[INFO] [stderr]    Compiling unsigned-varint v0.6.0
[INFO] [stderr]    Compiling tetsy-multistream-select v0.10.2
[INFO] [stderr]    Compiling rw-stream-sink v0.2.1
[INFO] [stderr]    Compiling wasm-timer v0.2.5
[INFO] [stderr]    Compiling soketto v0.4.2
[INFO] [stderr]    Compiling remux v0.8.0
[INFO] [stderr]    Compiling tetcore-utils v2.0.2
[INFO] [stderr]    Compiling js-sys v0.3.51
[INFO] [stderr]    Compiling serde v1.0.126
[INFO] [stderr]    Compiling wasm-bindgen-futures v0.4.24
[INFO] [stderr]    Compiling hyper v0.13.10
[INFO] [stderr]    Compiling toml v0.5.8
[INFO] [stderr]    Compiling ed25519-dalek v1.0.1
[INFO] [stderr]    Compiling tetsy-impl-serde v0.3.1
[INFO] [stderr]    Compiling serde_json v1.0.64
[INFO] [stderr]    Compiling tracing-serde v0.1.2
[INFO] [stderr]    Compiling impl-serde v0.3.1
[INFO] [stderr]    Compiling schnorrkel v0.9.1
[INFO] [stderr]    Compiling erased-serde v0.3.15
[INFO] [stderr]    Compiling tetcore-bip39 v0.4.2
[INFO] [stderr]    Compiling tracing-subscriber v0.2.18
[INFO] [stderr]    Compiling serializer v2.0.2
[INFO] [stderr]    Compiling proc-macro-crate v0.1.5
[INFO] [stderr]    Compiling proc-macro-crate v1.0.0
[INFO] [stderr]    Compiling tetsy-scale-codec-derive v2.0.1
[INFO] [stderr]    Compiling multihash-derive v0.7.2
[INFO] [stderr]    Compiling tp-runtime-interface-proc-macro v2.0.2
[INFO] [stderr]    Compiling tp-api-proc-macro v2.0.2
[INFO] [stderr]    Compiling prometheus-endpoint v0.8.1
[INFO] [stderr]    Compiling multihash v0.13.2
[INFO] [stderr]    Compiling tetsy-multiaddr v0.11.2
[INFO] [stderr]    Compiling tetsy-scale-codec v2.0.1
[INFO] [stderr]    Compiling tetsy-libp2p-swarm v0.27.1
[INFO] [stderr]    Compiling tetsy-libp2p-mplex v0.27.2
[INFO] [stderr]    Compiling tetsy-libp2p-dns v0.27.2
[INFO] [stderr]    Compiling tetsy-libp2p-remux v0.30.1
[INFO] [stderr]    Compiling tetsy-libp2p-wasm-ext v0.27.1
[INFO] [stderr]    Compiling tetsy-libp2p-websocket v0.28.2
[INFO] [stderr]    Compiling tetsy-libp2p-tcp v0.27.2
[INFO] [stderr]    Compiling tetsy-impl-codec v0.5.0
[INFO] [stderr]    Compiling tetcore-storage v2.0.2
[INFO] [stderr]    Compiling tetcore-tracing v2.0.2
[INFO] [stderr]    Compiling tetcore-wasm-interface v2.0.2
[INFO] [stderr]    Compiling arithmetic v2.0.2
[INFO] [stderr]    Compiling forktree v2.0.1
[INFO] [stderr]    Compiling tetsy-primitive-types v0.9.0
[INFO] [stderr]    Compiling externalities v0.8.2
[INFO] [stderr]    Compiling tetsy-libp2p-mdns v0.28.1
[INFO] [stderr]    Compiling tetsy-libp2p-request-response v0.9.1
[INFO] [stderr]    Compiling tetsy-libp2p-ping v0.27.1
[INFO] [stderr]    Compiling tetsy-util-mem v0.9.0
[INFO] [stderr]    Compiling tp-runtime-interface v2.0.2
[INFO] [stderr]    Compiling tetsy-memory-db v0.26.0
[INFO] [stderr]    Compiling tetsy-kvdb v0.9.0
[INFO] [stderr]    Compiling tetcore-database v2.0.2
[INFO] [stderr]    Compiling tetsy-libp2p v0.34.3
[INFO] [stderr]    Compiling tet-core v2.0.2
[INFO] [stderr]    Compiling tc-peerset v2.0.0
[INFO] [stderr]    Compiling tp-trie v2.0.2
[INFO] [stderr]    Compiling tp-keystore v0.8.1
[INFO] [stderr]    Compiling tp-inherents v2.0.2
[INFO] [stderr]    Compiling tp-allocator v2.0.2
[INFO] [stderr]    Compiling tc-executor-common v0.8.0
[INFO] [stderr]    Compiling tp-state-machine v0.8.2
[INFO] [stderr]    Compiling tc-executor-twasmi v0.8.0
[INFO] [stderr]    Compiling tet-io v2.0.2
[INFO] [stderr]    Compiling tet-application-crypto v2.0.2
[INFO] [stderr]    Compiling tp-tasks v2.0.1
[INFO] [stderr]    Compiling tp-runtime v2.0.2
[INFO] [stderr]    Compiling tp-version v2.0.2
[INFO] [stderr]    Compiling tp-api v2.0.2
[INFO] [stderr]    Compiling tp-consensus v0.8.2
[INFO] [stderr]    Compiling tc-executor v0.8.0
[INFO] [stderr]    Compiling tp-block-builder v2.0.2
[INFO] [stderr]    Compiling tp-blockchain v2.0.2
[INFO] [stderr]    Compiling tp-transaction-pool v2.0.2
[INFO] [stderr]    Compiling tc-client-api v2.0.0
[INFO] [stderr]    Compiling tc-block-builder v0.8.0
[INFO] [stderr]    Compiling tc-network-gossip v0.8.0 (/opt/rustwide/workdir)
[INFO] [stderr]     Finished dev [unoptimized + debuginfo] target(s) in 5m 47s
[INFO] running `Command { std: "docker" "inspect" "f5c2f1ed54d792388e65ba98b0562fd1b1475bdb875df54cab4d07d64662f707", kill_on_drop: false }`
[INFO] running `Command { std: "docker" "rm" "-f" "f5c2f1ed54d792388e65ba98b0562fd1b1475bdb875df54cab4d07d64662f707", kill_on_drop: false }`
[INFO] [stdout] f5c2f1ed54d792388e65ba98b0562fd1b1475bdb875df54cab4d07d64662f707
[INFO] running `Command { std: "docker" "create" "-v" "/var/lib/crater-agent-workspace/builds/worker-4/target:/opt/rustwide/target:rw,Z" "-v" "/var/lib/crater-agent-workspace/builds/worker-4/source:/opt/rustwide/workdir:ro,Z" "-v" "/var/lib/crater-agent-workspace/cargo-home:/opt/rustwide/cargo-home:ro,Z" "-v" "/var/lib/crater-agent-workspace/rustup-home:/opt/rustwide/rustup-home:ro,Z" "-e" "SOURCE_DIR=/opt/rustwide/workdir" "-e" "CARGO_TARGET_DIR=/opt/rustwide/target" "-e" "CARGO_INCREMENTAL=0" "-e" "RUST_BACKTRACE=full" "-e" "RUSTFLAGS=--cap-lints=forbid" "-e" "CARGO_HOME=/opt/rustwide/cargo-home" "-e" "RUSTUP_HOME=/opt/rustwide/rustup-home" "-w" "/opt/rustwide/workdir" "-m" "1610612736" "--user" "0:0" "--network" "none" "ghcr.io/rust-lang/crates-build-env/linux@sha256:20528e8c29e4536546f0102ce88568b16ea7538393a33fcca951030f7af10457" "/opt/rustwide/cargo-home/bin/cargo" "+ff34b919075f35a1787659e9c448a34b06bab8de" "test" "--frozen" "--no-run" "--message-format=json", kill_on_drop: false }`
[INFO] [stdout] 58f8746b5c9a86fb7ddbb1f2a81e1e83a31612c317d29550a4f15710a1fde669
[INFO] [stderr] WARNING: Your kernel does not support swap limit capabilities or the cgroup is not mounted. Memory limited without swap.
[INFO] running `Command { std: "docker" "start" "-a" "58f8746b5c9a86fb7ddbb1f2a81e1e83a31612c317d29550a4f15710a1fde669", kill_on_drop: false }`
[INFO] [stderr]    Compiling env_logger v0.7.1
[INFO] [stderr]    Compiling quickcheck v0.9.2
[INFO] [stderr]    Compiling tc-network-gossip v0.8.0 (/opt/rustwide/workdir)
[INFO] [stdout] error[E0433]: failed to resolve: use of undeclared crate or module `tetcore_test_runtime_client`
[INFO] [stdout]    --> src/bridge.rs:312:6
[INFO] [stdout]     |
[INFO] [stdout] 312 |     use tetcore_test_runtime_client::runtime::Block;
[INFO] [stdout]     |         ^^^^^^^^^^^^^^^^^^^^^^^^^^^ use of undeclared crate or module `tetcore_test_runtime_client`
[INFO] [stdout] 
[INFO] [stdout] 
[INFO] [stdout] error[E0412]: cannot find type `Block` in this scope
[INFO] [stdout]    --> src/bridge.rs:356:17
[INFO] [stdout]     |
[INFO] [stdout] 356 |     impl Validator<Block> for AllowAll {
[INFO] [stdout]     |                    ^^^^^
[INFO] [stdout]     | 
[INFO] [stdout]    ::: /opt/rustwide/cargo-home/registry/src/github.com-1ecc6299db9ec823/tp-runtime-2.0.2/src/traits.rs:603:1
[INFO] [stdout]     |
[INFO] [stdout] 603 | pub trait Block: Clone + Send + Sync + Codec + Eq + MaybeSerialize + Debug + MaybeMallocSizeOf + 'static {
[INFO] [stdout]     | -------------------------------------------------------------------------------------------------------- similarly named trait `BlockT` defined here
[INFO] [stdout]     |
[INFO] [stdout] help: a trait with a similar name exists
[INFO] [stdout]     |
[INFO] [stdout] 356 |     impl Validator<BlockT> for AllowAll {
[INFO] [stdout]     |                    ^^^^^^
[INFO] [stdout] help: consider importing one of these items
[INFO] [stdout]     |
[INFO] [stdout] 302 |     use crate::state_machine::tests::Block;
[INFO] [stdout]     |
[INFO] [stdout] 302 |     use tp_runtime::generic::Block;
[INFO] [stdout]     |
[INFO] [stdout] 302 |     use tp_runtime::testing::Block;
[INFO] [stdout]     |
[INFO] [stdout] 302 |     use tp_runtime::traits::Block;
[INFO] [stdout]     |
[INFO] [stdout] 
[INFO] [stdout] 
[INFO] [stdout] error[E0412]: cannot find type `Block` in this scope
[INFO] [stdout]    --> src/bridge.rs:359:40
[INFO] [stdout]     |
[INFO] [stdout] 359 |             _context: &mut dyn ValidatorContext<Block>,
[INFO] [stdout]     |                                                 ^^^^^
[INFO] [stdout]     | 
[INFO] [stdout]    ::: /opt/rustwide/cargo-home/registry/src/github.com-1ecc6299db9ec823/tp-runtime-2.0.2/src/traits.rs:603:1
[INFO] [stdout]     |
[INFO] [stdout] 603 | pub trait Block: Clone + Send + Sync + Codec + Eq + MaybeSerialize + Debug + MaybeMallocSizeOf + 'static {
[INFO] [stdout]     | -------------------------------------------------------------------------------------------------------- similarly named trait `BlockT` defined here
[INFO] [stdout]     |
[INFO] [stdout] help: a trait with a similar name exists
[INFO] [stdout]     |
[INFO] [stdout] 359 |             _context: &mut dyn ValidatorContext<BlockT>,
[INFO] [stdout]     |                                                 ^^^^^^
[INFO] [stdout] help: consider importing one of these items
[INFO] [stdout]     |
[INFO] [stdout] 302 |     use crate::state_machine::tests::Block;
[INFO] [stdout]     |
[INFO] [stdout] 302 |     use tp_runtime::generic::Block;
[INFO] [stdout]     |
[INFO] [stdout] 302 |     use tp_runtime::testing::Block;
[INFO] [stdout]     |
[INFO] [stdout] 302 |     use tp_runtime::traits::Block;
[INFO] [stdout]     |
[INFO] [stdout] 
[INFO] [stdout] 
[INFO] [stdout] error[E0412]: cannot find type `Block` in this scope
[INFO] [stdout]    --> src/bridge.rs:374:42
[INFO] [stdout]     |
[INFO] [stdout] 374 |         let mut gossip_engine = GossipEngine::<Block>::new(
[INFO] [stdout]     |                                                ^^^^^
[INFO] [stdout]     | 
[INFO] [stdout]    ::: /opt/rustwide/cargo-home/registry/src/github.com-1ecc6299db9ec823/tp-runtime-2.0.2/src/traits.rs:603:1
[INFO] [stdout]     |
[INFO] [stdout] 603 | pub trait Block: Clone + Send + Sync + Codec + Eq + MaybeSerialize + Debug + MaybeMallocSizeOf + 'static {
[INFO] [stdout]     | -------------------------------------------------------------------------------------------------------- similarly named trait `BlockT` defined here
[INFO] [stdout]     |
[INFO] [stdout] help: a trait with a similar name exists
[INFO] [stdout]     |
[INFO] [stdout] 374 |         let mut gossip_engine = GossipEngine::<BlockT>::new(
[INFO] [stdout]     |                                                ^^^^^^
[INFO] [stdout] help: consider importing one of these items
[INFO] [stdout]     |
[INFO] [stdout] 302 |     use crate::state_machine::tests::Block;
[INFO] [stdout]     |
[INFO] [stdout] 302 |     use tp_runtime::generic::Block;
[INFO] [stdout]     |
[INFO] [stdout] 302 |     use tp_runtime::testing::Block;
[INFO] [stdout]     |
[INFO] [stdout] 302 |     use tp_runtime::traits::Block;
[INFO] [stdout]     |
[INFO] [stdout] 
[INFO] [stdout] 
[INFO] [stdout] error[E0412]: cannot find type `Block` in this scope
[INFO] [stdout]    --> src/bridge.rs:402:42
[INFO] [stdout]     |
[INFO] [stdout] 402 |         let mut gossip_engine = GossipEngine::<Block>::new(
[INFO] [stdout]     |                                                ^^^^^
[INFO] [stdout]     | 
[INFO] [stdout]    ::: /opt/rustwide/cargo-home/registry/src/github.com-1ecc6299db9ec823/tp-runtime-2.0.2/src/traits.rs:603:1
[INFO] [stdout]     |
[INFO] [stdout] 603 | pub trait Block: Clone + Send + Sync + Codec + Eq + MaybeSerialize + Debug + MaybeMallocSizeOf + 'static {
[INFO] [stdout]     | -------------------------------------------------------------------------------------------------------- similarly named trait `BlockT` defined here
[INFO] [stdout]     |
[INFO] [stdout] help: a trait with a similar name exists
[INFO] [stdout]     |
[INFO] [stdout] 402 |         let mut gossip_engine = GossipEngine::<BlockT>::new(
[INFO] [stdout]     |                                                ^^^^^^
[INFO] [stdout] help: consider importing one of these items
[INFO] [stdout]     |
[INFO] [stdout] 302 |     use crate::state_machine::tests::Block;
[INFO] [stdout]     |
[INFO] [stdout] 302 |     use tp_runtime::generic::Block;
[INFO] [stdout]     |
[INFO] [stdout] 302 |     use tp_runtime::testing::Block;
[INFO] [stdout]     |
[INFO] [stdout] 302 |     use tp_runtime::traits::Block;
[INFO] [stdout]     |
[INFO] [stdout] 
[INFO] [stdout] 
[INFO] [stdout] error[E0412]: cannot find type `Block` in this scope
[INFO] [stdout]    --> src/bridge.rs:501:18
[INFO] [stdout]     |
[INFO] [stdout] 501 |         impl Validator<Block> for TestValidator {
[INFO] [stdout]     |                        ^^^^^
[INFO] [stdout]     | 
[INFO] [stdout]    ::: /opt/rustwide/cargo-home/registry/src/github.com-1ecc6299db9ec823/tp-runtime-2.0.2/src/traits.rs:603:1
[INFO] [stdout]     |
[INFO] [stdout] 603 | pub trait Block: Clone + Send + Sync + Codec + Eq + MaybeSerialize + Debug + MaybeMallocSizeOf + 'static {
[INFO] [stdout]     | -------------------------------------------------------------------------------------------------------- similarly named trait `BlockT` defined here
[INFO] [stdout]     |
[INFO] [stdout] help: a trait with a similar name exists
[INFO] [stdout]     |
[INFO] [stdout] 501 |         impl Validator<BlockT> for TestValidator {
[INFO] [stdout]     |                        ^^^^^^
[INFO] [stdout] help: consider importing one of these items
[INFO] [stdout]     |
[INFO] [stdout] 302 |     use crate::state_machine::tests::Block;
[INFO] [stdout]     |
[INFO] [stdout] 302 |     use tp_runtime::generic::Block;
[INFO] [stdout]     |
[INFO] [stdout] 302 |     use tp_runtime::testing::Block;
[INFO] [stdout]     |
[INFO] [stdout] 302 |     use tp_runtime::traits::Block;
[INFO] [stdout]     |
[INFO] [stdout] 
[INFO] [stdout] 
[INFO] [stdout] error[E0412]: cannot find type `Block` in this scope
[INFO] [stdout]    --> src/bridge.rs:504:41
[INFO] [stdout]     |
[INFO] [stdout] 504 |                 _context: &mut dyn ValidatorContext<Block>,
[INFO] [stdout]     |                                                     ^^^^^
[INFO] [stdout]     | 
[INFO] [stdout]    ::: /opt/rustwide/cargo-home/registry/src/github.com-1ecc6299db9ec823/tp-runtime-2.0.2/src/traits.rs:603:1
[INFO] [stdout]     |
[INFO] [stdout] 603 | pub trait Block: Clone + Send + Sync + Codec + Eq + MaybeSerialize + Debug + MaybeMallocSizeOf + 'static {
[INFO] [stdout]     | -------------------------------------------------------------------------------------------------------- similarly named trait `BlockT` defined here
[INFO] [stdout]     |
[INFO] [stdout] help: a trait with a similar name exists
[INFO] [stdout]     |
[INFO] [stdout] 504 |                 _context: &mut dyn ValidatorContext<BlockT>,
[INFO] [stdout]     |                                                     ^^^^^^
[INFO] [stdout] help: consider importing one of these items
[INFO] [stdout]     |
[INFO] [stdout] 302 |     use crate::state_machine::tests::Block;
[INFO] [stdout]     |
[INFO] [stdout] 302 |     use tp_runtime::generic::Block;
[INFO] [stdout]     |
[INFO] [stdout] 302 |     use tp_runtime::testing::Block;
[INFO] [stdout]     |
[INFO] [stdout] 302 |     use tp_runtime::traits::Block;
[INFO] [stdout]     |
[INFO] [stdout] 
[INFO] [stdout] 
[INFO] [stdout] error[E0412]: cannot find type `Block` in this scope
[INFO] [stdout]    --> src/bridge.rs:537:43
[INFO] [stdout]     |
[INFO] [stdout] 537 |             let mut gossip_engine = GossipEngine::<Block>::new(
[INFO] [stdout]     |                                                    ^^^^^
[INFO] [stdout]     | 
[INFO] [stdout]    ::: /opt/rustwide/cargo-home/registry/src/github.com-1ecc6299db9ec823/tp-runtime-2.0.2/src/traits.rs:603:1
[INFO] [stdout]     |
[INFO] [stdout] 603 | pub trait Block: Clone + Send + Sync + Codec + Eq + MaybeSerialize + Debug + MaybeMallocSizeOf + 'static {
[INFO] [stdout]     | -------------------------------------------------------------------------------------------------------- similarly named trait `BlockT` defined here
[INFO] [stdout]     |
[INFO] [stdout] help: a trait with a similar name exists
[INFO] [stdout]     |
[INFO] [stdout] 537 |             let mut gossip_engine = GossipEngine::<BlockT>::new(
[INFO] [stdout]     |                                                    ^^^^^^
[INFO] [stdout] help: consider importing one of these items
[INFO] [stdout]     |
[INFO] [stdout] 302 |     use crate::state_machine::tests::Block;
[INFO] [stdout]     |
[INFO] [stdout] 302 |     use tp_runtime::generic::Block;
[INFO] [stdout]     |
[INFO] [stdout] 302 |     use tp_runtime::testing::Block;
[INFO] [stdout]     |
[INFO] [stdout] 302 |     use tp_runtime::traits::Block;
[INFO] [stdout]     |
[INFO] [stdout] 
[INFO] [stdout] 
[INFO] [stdout] error[E0599]: no method named `next` found for mutable reference `&mut BlockingStream<_>` in the current scope
[INFO] [stdout]    --> src/bridge.rs:453:17
[INFO] [stdout]     |
[INFO] [stdout] 453 |                     subscriber.next(),
[INFO] [stdout]     |                                ^^^^ method not found in `&mut BlockingStream<_>`
[INFO] [stdout]     |
[INFO] [stdout]     = note: `subscriber` is a function, perhaps you wish to call it
[INFO] [stdout] 
[INFO] [stdout] 
[INFO] [stdout] error: aborting due to 9 previous errors
[INFO] [stdout] 
[INFO] [stdout] 
[INFO] [stdout] Some errors have detailed explanations: E0412, E0433, E0599.
[INFO] [stdout] 
[INFO] [stdout] For more information about an error, try `rustc --explain E0412`.
[INFO] [stdout] 
[INFO] [stderr] error: could not compile `tc-network-gossip`
[INFO] [stderr] 
[INFO] [stderr] To learn more, run the command again with --verbose.
[INFO] running `Command { std: "docker" "inspect" "58f8746b5c9a86fb7ddbb1f2a81e1e83a31612c317d29550a4f15710a1fde669", kill_on_drop: false }`
[INFO] running `Command { std: "docker" "rm" "-f" "58f8746b5c9a86fb7ddbb1f2a81e1e83a31612c317d29550a4f15710a1fde669", kill_on_drop: false }`
[INFO] [stdout] 58f8746b5c9a86fb7ddbb1f2a81e1e83a31612c317d29550a4f15710a1fde669
